 prime?
False
Is 894511043 prime?
False
Is 49904983871 composite?
False
Is 14761721141 a composite number?
True
Is 1555753229 a prime number?
True
Is 4781740451 a prime number?
True
Is 6526980021 a prime number?
False
Is 2510423453 composite?
False
Is 42319513169 composite?
False
Is 3328378943 prime?
True
Is 17685025583 prime?
True
Is 5804197733 composite?
True
Is 34338490861 a prime number?
True
Is 322743571 prime?
False
Is 25863769739 a composite number?
False
Is 17753014085 prime?
False
Is 16318491923 composite?
True
Is 860702431 a prime number?
True
Is 2057668439 prime?
True
Is 2431033343 a composite number?
False
Is 32422243081 a composite number?
True
Is 507905462 composite?
True
Is 1363454701 a prime number?
False
Is 9518745239 a prime number?
True
Is 1332967949 composite?
False
Is 4225930739 composite?
False
Is 3318965891 a composite number?
False
Is 131890013 a composite number?
True
Is 114699257 a composite number?
True
Is 1236194333 prime?
False
Is 23648837869 prime?
False
Is 38403626207 composite?
False
Is 46601669 composite?
True
Is 87828463 a prime number?
True
Is 431681927 prime?
False
Is 977641837 prime?
True
Is 3625261711 composite?
False
Is 33341891413 a prime number?
True
Is 16410148213 a composite number?
True
Is 350201619979 composite?
True
Is 1431912247 a composite number?
True
Is 12233544329 a composite number?
False
Is 49895239 a prime number?
True
Is 7100253859 composite?
False
Is 3447433393 a composite number?
False
Is 219729538221 prime?
False
Is 18645994097 prime?
True
Is 74709499 composite?
True
Is 1691836193 composite?
True
Is 81710093 prime?
True
Is 1840266281 a composite number?
True
Is 6921033583 a composite number?
False
Is 76623752243 a prime number?
True
Is 4811076427 a composite number?
True
Is 38016398927 composite?
True
Is 10536786647 prime?
False
Is 1286152729 prime?
False
Is 119441417 prime?
True
Is 1614129997 prime?
True
Is 3846567653 a prime number?
False
Is 145977497 composite?
True
Is 497694577 prime?
True
Is 11459675303 a prime number?
True
Is 9181099771 a prime number?
False
Is 2591061929 composite?
False
Is 1545346411 a prime number?
False
Is 246813587 a composite number?
True
Is 52489883 a prime number?
True
Is 41881340861 a composite number?
False
Is 125656529 a composite number?
False
Is 1230084517 a composite number?
True
Is 766839421 a composite number?
True
Is 4918746739 prime?
True
Is 1278951781 prime?
False
Is 401817007 prime?
False
Is 2488969253 a composite number?
False
Is 3700562791 composite?
True
Is 670090249 prime?
False
Is 6178024651 a composite number?
True
Is 1507472819 a composite number?
False
Is 10457117893 a composite number?
True
Is 402876737 a prime number?
False
Is 91371187129 composite?
False
Is 1974184943 a composite number?
True
Is 17250623323 a composite number?
True
Is 4060315801 a prime number?
True
Is 2400676687 a prime number?
True
Is 6841876013 prime?
False
Is 115119859501 composite?
False
Is 8558917141 prime?
False
Is 41368340317 a prime number?
False
Is 135980347649 composite?
False
Is 156055945439 a composite number?
False
Is 3739590137 prime?
False
Is 1962209237 composite?
False
Is 32307988183 a composite number?
True
Is 5467596767 prime?
False
Is 2041677331 prime?
True
Is 41664737221 composite?
True
Is 14693395037 prime?
False
Is 1279419403 composite?
False
Is 1727124101 a composite number?
False
Is 30360317609 prime?
False
Is 71164882079 prime?
False
Is 142288147217 composite?
False
Is 657713149 composite?
False
Is 7200259663 composite?
False
Is 38004103 composite?
True
Is 45061818803 a prime number?
True
Is 6959413277 a prime number?
False
Is 2515172255 a composite number?
True
Is 431162201 prime?
True
Is 23528399737 a prime number?
False
Is 11832325959 a prime number?
False
Is 176940979 a prime number?
False
Is 126997279 prime?
True
Is 31909580683 a composite number?
False
Is 23062202753 composite?
True
Is 1158702497 a prime number?
True
Is 16581292633 prime?
True
Is 2774036591 prime?
False
Is 252606825571 a composite number?
True
Is 649422349 composite?
False
Is 84499161631 composite?
True
Is 299735473 a composite number?
False
Is 3392570561 composite?
True
Is 70312237151 composite?
True
Is 1258256501 prime?
True
Is 9914205961 a composite number?
True
Is 694644053 composite?
True
Is 1313595263 a prime number?
False
Is 4864356631 a composite number?
False
Is 11016885467 a composite number?
True
Is 2805870539 a composite number?
False
Is 1216845767 a composite number?
False
Is 13160689487 a prime number?
False
Is 341154181 a prime number?
False
Is 3996417889 prime?
False
Is 11578122797 composite?
False
Is 15437420771 composite?
False
Is 1319404703 a prime number?
True
Is 21113207321 a composite number?
False
Is 857534215 a composite number?
True
Is 48528696991 a composite number?
True
Is 16010536937 prime?
True
Is 4604177471 a prime number?
False
Is 206914605097 composite?
True
Is 22426123 composite?
False
Is 89357767 a composite number?
True
Is 1163941561 composite?
False
Is 1216406963 prime?
True
Is 12108371287 prime?
False
Is 1029167093 prime?
True
Is 9564732301 a composite number?
False
Is 3731212109 a prime number?
True
Is 2958543521 composite?
True
Is 107188039927 a prime number?
True
Is 432625729 composite?
False
Is 64906238981 prime?
True
Is 75608063 a prime number?
True
Is 20430721211 a prime number?
True
Is 1629817193 a prime number?
False
Is 2505412814 composite?
True
Is 16987402501 a composite number?
True
Is 3376303067 composite?
False
Is 1707967865 prime?
False
Is 49830122729 prime?
True
Is 2802780173 a composite number?
False
Is 9899025733 a prime number?
True
Is 33781144783 prime?
True
Is 10605560129 prime?
True
Is 1314340607 a prime number?
False
Is 36509011349 a prime number?
True
Is 53033820373 composite?
False
Is 221959801771 prime?
True
Is 4327730821 a prime number?
False
Is 623550271 composite?
False
Is 278199419 a composite number?
False
Is 8445816881 a composite number?
False
Is 2186226613 a composite number?
True
Is 52387759981 a composite number?
False
Is 56058487 a composite number?
False
Is 2494711787 prime?
False
Is 1766616667 composite?
False
Is 2746052747 prime?
True
Is 317968997 a composite number?
True
Is 822993539 a composite number?
True
Is 14451419483 prime?
False
Is 323715209 prime?
True
Is 65266807483 prime?
True
Is 375285821 a composite number?
True
Is 20123868071 a composite number?
True
Is 1592373082 a prime number?
False
Is 1485752143 a composite number?
False
Is 712119163 prime?
False
Is 7550011307 a composite number?
True
Is 4434638501 prime?
False
Is 1792309613 composite?
False
Is 252008671 composite?
False
Is 433333993 composite?
False
Is 71574395362 prime?
False
Is 467007097243 composite?
True
Is 7238876867 composite?
True
Is 6872126347 a composite number?
False
Is 7119604441 a prime number?
True
Is 822396511 prime?
True
Is 1379595797 a composite number?
True
Is 2138754901 a composite number?
True
Is 7555213493 prime?
False
Is 946962517 prime?
True
Is 7431520861 a composite number?
True
Is 3608988655 prime?
False
Is 11812055137 composite?
True
Is 72526231 a composite number?
False
Is 1095142451 a prime number?
False
Is 2534333 prime?
False
Is 8148879919 a composite number?
True
Is 932420717 composite?
False
Is 4567209587 a composite number?
False
Is 153200989 a composite number?
True
Is 2893435619 a composite number?
True
Is 16348432069 composite?
False
Is 9225842411 a composite number?
False
Is 431899010893 prime?
False
Is 4987771927 a prime number?
False
Is 118033095441 a prime number?
False
Is 13496132369 prime?
True
Is 3053908469 prime?
False
Is 14707810479 a prime number?
False
Is 285280777 composite?
False
Is 100734773 a prime number?
True
Is 12485336987 composite?
False
Is 6895047631 prime?
False
Is 1848888683 a prime number?
False
Is 4079532019 a composite number?
True
Is 2534148139 a composite number?
True
Is 3349511939 composite?
True
Is 29769473291 composite?
False
Is 24363478673 a composite number?
False
Is 53400793 composite?
False
Is 3358757653 composite?
True
Is 162287318279 a composite number?
False
Is 87756470897 prime?
True
Is 1852681319 composite?
False
Is 39663115057 prime?
False
Is 25507805611 a prime number?
True
Is 248575741 a prime number?
True
Is 1524824521 a prime number?
False
Is